and x.
14
Let x be 0/1 - 1 - -64. Suppose -2*f + 1691 - 653 = 5*l, -5*f + 2532 = 2*l. Calculate the highest common factor of x and f.
63
Let k be -6*(0 - -1)*(-500)/(-6). Let j = 534 + k. What is the highest common divisor of 6 and j?
2
Suppose 1 = 3*x - 11. Let m(n) = n**3 + n**2 - 5*n + 6. Let v be m(x). Suppose 2*b - b = 18*b - 102. What is the highest common factor of b and v?
6
Suppose 4*f + 3*u - 6*u = 57, 3*f = 4*u + 48. Let i be (0 + (-25)/(-10))/(1/f). Let j be (55/i)/11 + 250/12. What is the highest common divisor of 231 and j?
21
Suppose -265*o = 110*o + 46*o - 275755. What is the highest common divisor of 5 and o?
5
Let v = 131 - 111. Suppose 5*k + v = 10*k. Suppose -95 = -4*t + k*q - 3, 1 = q. What is the highest common factor of t and 64?
8
Let p(d) = -85*d - 208. Let q be p(-4). Suppose 4*i = 3 + 45. Calculate the highest common divisor of q and i.
12
Let n be 8/(-32) + (-9)/(-4) - 64. Let q = n + 55. Let t be q/(-21) - -2*(-2)/(-6). Calculate the greatest common divisor of 17 and t.
1
Suppose -5*x + y = -284, 0 = 2*y + 3*y + 20. Suppose 33*a - 7730 = -72*a + 2560. What is the greatest common divisor of x and a?
14
Let z(o) be the third derivative of 7*o**5/60 + o**4/12 + 23*o**3/3 + 2*o**2 + 23*o. Let b be z(-6). Calculate the greatest common factor of 22 and b.
22
Suppose 129*l + 112*l - 573817 - 44348 = 0. What is the highest common factor of l and 675?
135
Suppose -94*u + 647211 + 989235 = 0. Calculate the greatest common divisor of u and 21.
21
Let q be -1*(0 + (3 - 30)). Let k = -35 + q. Let w = 21 + k. What is the highest common divisor of 91 and w?
13
Let d be 2/13 - 50940/(-468). What is the greatest common divisor of 3379 and d?
109
Let m(c) = -c - 43. Let f be m(-45). Suppose -171 = 5*y - 7*y + 3*i, -i = -f*y + 177. Calculate the highest common divisor of 72 and y.
18
Let z be (-2)/(-2)*(-78)/26*1. Let h(b) = b**3 + b**2 - 4*b + 11. Let c be h(z). What is the highest common divisor of 365 and c?
5
Suppose -y - 5*u + 531 = 0, u - 1116 = -80*y + 78*y. Calculate the greatest common factor of 1377 and y.
51
Suppose -m = -3, -t + m = -2*m - 39. Let b be (2 + 58)*21/12. Suppose 5*y + 3*v - b = 0, -19 = 4*y - 3*v - 130. What is the highest common divisor of t and y?
24
Let t(y) be the second derivative of y**4/4 - 6*y**2 - 5*y + 5. Suppose -m - 2*m = -15. Let o be t(m). Calculate the highest common divisor of 21 and o.
21
Let x(m) = m**3 + 16*m**2 - 55*m + 51. Let y be x(-19). What is the greatest common divisor of y and 1781?
13
Let c be 6/(-42) - (29910/(-42) - -4 - 3). Calculate the greatest common divisor of 316 and c.
79
Let a(m) = 393*m + 438. Let s be a(3). Calculate the highest common factor of 99 and s.
33
Let h be (9 - 7) + 1 + -2. Suppose -49*r + 53*r + 4*k = 64, -2*r + 5*k + 11 = 0. What is the greatest common factor of r and h?
1
Let p = -40 + 43. Suppose p*b + 11 = 2*b. Let o(m) = m**2 + 3*m + 10. Let h be o(b). Calculate the highest common factor of 14 and h.
14
Let y be (-91)/(-2) + 1/(-2). Suppose -6*l = -147 + y. Suppose -18*c = -l*c - 1. What is the highest common factor of 5 and c?
1
Suppose 11*r - 23*r = -12. Let u(p) = 10*p**3 - p**2 + 3*p - 2. Let m be u(r). Let i be 100/2*2/2. Calculate the highest common divisor of i and m.
10
Let a = -39 + -59. Let i = -91 - a. Let m be 2 + i/(-2)*-8. What is the greatest common factor of 120 and m?
30
Suppose 0 = 5*t - 2*h - 327, -5*t + 133 = -3*t - 3*h. Let d = -1537 + 1550. What is the highest common divisor of d and t?
13
Let j = 46 + 441. Let b be 31/5 + 2/(-10). Suppose b*i = j + 59. What is the highest common divisor of i and 13?
13
Let h(l) = -3*l**3 - 4*l**2 - l - 4. Let c be h(-3). Let u(p) = -15*p + 6. Let b be u(-4). Suppose -n + b = n. What is the highest common divisor of c and n?
11
Suppose -209*w - 211*w - 71*w + 4540768 = 0. What is the greatest common divisor of w and 34?
34
Suppose 709*h - 348*h - 890 = 351*h. What is the highest common factor of 2047 and h?
89
Let j(a) = 3*a**2 + 6*a + 174. Let w(m) = 2*m**2 - m - 3. Let o(t) = j(t) - 2*w(t). Let h be o(14). Calculate the greatest common divisor of h and 72.
24
Let z be 88/(-2) - 1 - (0 - 5). Let n = z - -96. Calculate the highest common factor of 8 and n.
8
Let r(i) = -18*i + 2801. Let d be r(45). Calculate the highest common divisor of 724 and d.
181
Let i = -1758 - -1773. Calculate the greatest common factor of 665 and i.
5
Let m = -46 - -90. Let d = 517 + -512. Suppose -d*h + 2*w = -34, -w - m = -4*h - 5*w. Calculate the greatest common factor of 12 and h.
4
Let n = -1340 + 4444. Calculate the greatest common divisor of 64 and n.
32
Let c(h) = 19*h + 110. Let l be c(-5). Calculate the highest common divisor of 1000 and l.
5
Suppose -14*m + 44 = -26. Suppose -b - m + 30 = 0. Let l = 41 + -16. Calculate the highest common factor of b and l.
25
Let a = 219 + -594. Let m be 124/5*a/(-10). What is the greatest common factor of m and 15?
15
Let x(v) = -169*v + 5460. Let b be x(31). Calculate the highest common factor of b and 833.
17
Let a be (-18)/((4/14)/(-1)). Let y(l) = 3640*l + 7637. Let m be y(-2). Calculate the greatest common divisor of m and a.
21
Let j = -95 + 250. Let k be (10/6)/(j/186). What is the highest common divisor of 20 and k?
2
Let o = -11 + 10. Let n = 11 - o. Let p(f) = 6*f - 48. Let m be p(9). What is the greatest common divisor of m and n?
6
Let a = 54 - 51. Suppose -66 = -a*n + 42. Calculate the greatest common factor of n and 12.
12
Suppose 0 = -52*y + 10*y + 1298 - 290. What is the greatest common factor of 45096 and y?
24
Suppose -6934 = -71*r + 379. Calculate the greatest common factor of 7519 and r.
103
Suppose 18*b = -440 - 9100. Let l = -503 - b. Calculate the greatest common factor of l and 81.
27
Suppose 4*c + 4*w = 728, -2*c + 3*w + 392 = -2*w. Let n = -173 + c. Calculate the greatest common divisor of n and 351.
13
Suppose -10 = -5*b, 5*p - 5*b = 8*p - 9070. What is the greatest common divisor of 20 and p?
20
Let m(o) = 573*o + 38. Let d be m(1). Let y = d - 332. Calculate the greatest common divisor of y and 62.
31
Let o(g) = -10*g + 24 - 2*g**2 + 4*g**2 - 15 + 0*g**2. Let q be o(4). Calculate the greatest common factor of q and 16.
1
Suppose 455547 - 130991 = 317*d - 487915. Calculate the highest common factor of d and 143.
11
Suppose -31*g = -14*g. Suppose 4*c - 3204 = -3*m, -c - 5*m + g*m = -818. Calculate the highest common divisor of 38 and c.
38
Let n(v) = 3*v**3 - 160*v**2 - 9*v + 74. Let h be n(54). What is the highest common factor of h and 40?
20
Let n be ((-3018)/5)/(0 + 24/(-160)). Suppose 29*z = n + 1254. Calculate the greatest common divisor of z and 14.
14
Let g(t) = -t**2 + 14*t - 24. Let v be g(12). Suppose v*w = 4*w - 48. Let p be (-6)/((-3)/8*(-132)/(-99)). What is the greatest common factor of p and w?
12
Suppose 6300 = 32*s - 2198 - 1262. Calculate the greatest common divisor of s and 671.
61
Suppose 3*c - 3 = -15, 2*g = -5*c - 24. Let n be -32 + 36 - 1/(g/146). What is the highest common factor of 56 and n?
7
Let n(t) = -25*t + 8*t**2 - t - 12 + 30*t. Let v be n(-6). Calculate the greatest common factor of v and 28.
28
Let h(r) = -3*r**2 - 107*r - 650. Let q be h(-26). Suppose -910 = 4*c - 9*c. What is the highest common divisor of c and q?
26
Suppose 0 = 24*g + 3068 - 8972. What is the highest common divisor of 2050 and g?
82
Let h(v) = -v**2 - 11*v - 28. Let s be h(-6). Suppose -4*j = p - 21, 5*p + j = -s*j + 139. Let z = -18 + p. What is the highest common divisor of z and 22?
11
Let l(g) = 2*g**3 - 8*g**2 - 125*g + 1795. Let t be l(15). What is the highest common factor of t and 20?
10
Let i = 3906 + -3900. Calculate the highest common factor of i and 42162.
6
Let b = -69 - -71. Suppose -b*t + t + 402 = -5*n, -5*t + 2*n + 2033 = 0. What is the greatest common factor of 11 and t?
11
Let k(z) = -z**2 + 29*z + 43. Let q be k(25). Let p = -37 + 1. Let y = -23 - p. What is the greatest common divisor of y and q?
13
Suppose -1735 = -8*d - 151. Suppose -1207*t + 1209*t - d = 0. Calculate the greatest common divisor of t and 165.
33
Suppose 582 = -15*y + 1561 + 1946. What is the highest common divisor of 520 and y?
65
Let b = 738 - 663. Let u be (330/4 - 0)/((-2)/(-4)). Calculate the highest common factor of u and b.
15
Let j(y) = -576*y 